{"id":803,"date":"2021-11-09T13:02:35","date_gmt":"2021-11-09T16:02:35","guid":{"rendered":"https:\/\/frestas.sescsp.org.br\/?post_type=eventos&#038;p=803"},"modified":"2021-11-09T13:09:44","modified_gmt":"2021-11-09T16:09:44","slug":"aula-virtual-silenciados","status":"publish","type":"eventos","link":"https:\/\/frestas2021.sescsp.org.br\/en\/eventos\/aula-virtual-silenciados\/","title":{"rendered":"Aula Virtual | SILENCIADOS"},"content":{"rendered":"<p class=\"qtranxs-available-languages-message qtranxs-available-languages-message-en\">Sorry, this entry is only available in <a href=\"https:\/\/frestas2021.sescsp.org.br\/pt\/wp-json\/wp\/v2\/eventos\/803\" class=\"qtranxs-available-language-link qtranxs-available-language-link-pt\" title=\"Portugu\u00eas do Brasil\">Portugu\u00eas do Brasil<\/a>.<\/p><p><span class=\"NormalTextRun SCXW234277167 BCX0\"><em><span class=\"TextRun SCXW160229707 BCX0\" lang=\"PT-BR\" xml:lang=\"PT-BR\" data-contrast=\"none\"><span class=\"NormalTextRun SCXW160229707 BCX0\">Com equipe educativa da exposi\u00e7\u00e3o<\/span><\/span><\/em><\/span><\/p>\n<p><span class=\"NormalTextRun SCXW234277167 BCX0\">Silenciados \u00e9 um jogo\u202fde\u202fhist\u00f3rias enigm\u00e1ticas\u202fbaseadas em fatos reais, n<\/span><span class=\"NormalTextRun SCXW234277167 BCX0\">o<\/span><span class=\"NormalTextRun SCXW234277167 BCX0\">\u00a0qua<\/span><span class=\"NormalTextRun SCXW234277167 BCX0\">l<\/span><span class=\"NormalTextRun SCXW234277167 BCX0\">\u00a0as imagens e textos das pistas, v\u00edtimas, depoimentos, evid\u00eancias, foram criados a partir das obras d<\/span><span class=\"NormalTextRun SCXW234277167 BCX0\">a\u00a0<\/span><span class=\"NormalTextRun SCXW234277167 BCX0\">3\u00aa Trienal de Artes Frestas. O jogo \u00e9<\/span><span class=\"NormalTextRun SCXW234277167 BCX0\">, portanto,\u00a0<\/span><span class=\"NormalTextRun SCXW234277167 BCX0\">o<\/span><span class=\"NormalTextRun SCXW234277167 BCX0\">\u00a0instrumento pedag\u00f3gico para apresenta\u00e7\u00e3o, discuss\u00e3o e reflex\u00e3o de tem\u00e1ticas\u00a0<\/span><span class=\"NormalTextRun SCXW234277167 BCX0\">present<\/span><span class=\"NormalTextRun SCXW234277167 BCX0\">e<\/span><span class=\"NormalTextRun SCXW234277167 BCX0\">s na<\/span><span class=\"NormalTextRun SCXW234277167 BCX0\">\u00a0exposi\u00e7\u00e3o: a vida d<\/span><span class=\"NormalTextRun SCXW234277167 BCX0\">e<\/span><span class=\"NormalTextRun SCXW234277167 BCX0\">\u00a0rios e\u00a0<\/span><span class=\"NormalTextRun SCXW234277167 BCX0\">seus<\/span><span class=\"NormalTextRun SCXW234277167 BCX0\">\u00a0habitantes.<\/span><\/p>\n<p>Gr\u00e1tis | Encontro realizado na plataforma Zoom: <a href=\"https:\/\/bit.ly\/frestas_aula3\">https:\/\/bit.ly\/frestas_aula3<\/a><\/p>","protected":false},"featured_media":0,"template":"","cat_eve":[16],"class_list":["post-803","eventos","type-eventos","status-publish","hentry","cat_eve-oficina"],"_links":{"self":[{"href":"https:\/\/frestas2021.sescsp.org.br\/en\/wp-json\/wp\/v2\/eventos\/803","targetHints":{"allow":["GET"]}}],"collection":[{"href":"https:\/\/frestas2021.sescsp.org.br\/en\/wp-json\/wp\/v2\/eventos"}],"about":[{"href":"https:\/\/frestas2021.sescsp.org.br\/en\/wp-json\/wp\/v2\/types\/eventos"}],"wp:attachment":[{"href":"https:\/\/frestas2021.sescsp.org.br\/en\/wp-json\/wp\/v2\/media?parent=803"}],"wp:term":[{"taxonomy":"cat_eve","embeddable":true,"href":"https:\/\/frestas2021.sescsp.org.br\/en\/wp-json\/wp\/v2\/cat_eve?post=803"}],"curies":[{"name":"wp","href":"https:\/\/api.w.org\/{rel}","templated":true}]}}

<p class="qtranxs-available-languages-message qtranxs-available-languages-message-en">Sorry, this entry is only available in <a href="https://frestas2021.sescsp.org.br/pt/wp-json/wp/v2/eventos/803" class="qtranxs-available-language-link qtranxs-available-language-link-pt" title="Português do Brasil">Português do Brasil</a>.</p><p><span class="NormalTextRun SCXW234277167 BCX0"><em><span class="TextRun SCXW160229707 BCX0" lang="PT-BR" xml:lang="PT-BR" data-contrast="none"><span class="NormalTextRun SCXW160229707 BCX0">Com equipe educativa da exposição</span></span></em></span></p>
<p><span class="NormalTextRun SCXW234277167 BCX0">Silenciados é um jogo de histórias enigmáticas baseadas em fatos reais, n</span><span class="NormalTextRun SCXW234277167 BCX0">o</span><span class="NormalTextRun SCXW234277167 BCX0"> qua</span><span class="NormalTextRun SCXW234277167 BCX0">l</span><span class="NormalTextRun SCXW234277167 BCX0"> as imagens e textos das pistas, vítimas, depoimentos, evidências, foram criados a partir das obras d</span><span class="NormalTextRun SCXW234277167 BCX0">a </span><span class="NormalTextRun SCXW234277167 BCX0">3ª Trienal de Artes Frestas. O jogo é</span><span class="NormalTextRun SCXW234277167 BCX0">, portanto, </span><span class="NormalTextRun SCXW234277167 BCX0">o</span><span class="NormalTextRun SCXW234277167 BCX0"> instrumento pedagógico para apresentação, discussão e reflexão de temáticas </span><span class="NormalTextRun SCXW234277167 BCX0">present</span><span class="NormalTextRun SCXW234277167 BCX0">e</span><span class="NormalTextRun SCXW234277167 BCX0">s na</span><span class="NormalTextRun SCXW234277167 BCX0"> exposição: a vida d</span><span class="NormalTextRun SCXW234277167 BCX0">e</span><span class="NormalTextRun SCXW234277167 BCX0"> rios e </span><span class="NormalTextRun SCXW234277167 BCX0">seus</span><span class="NormalTextRun SCXW234277167 BCX0"> habitantes.</span></p>
<p>Grátis | Encontro realizado na plataforma Zoom: <a href="https://bit.ly/frestas_aula3">https://bit.ly/frestas_aula3</a></p>
