{"id":825,"date":"2021-12-07T22:34:39","date_gmt":"2021-12-08T01:34:39","guid":{"rendered":"https:\/\/frestas.sescsp.org.br\/?post_type=eventos&#038;p=825"},"modified":"2021-12-07T22:34:45","modified_gmt":"2021-12-08T01:34:45","slug":"colagem-e-lambe-lambe","status":"publish","type":"eventos","link":"https:\/\/frestas2021.sescsp.org.br\/en\/eventos\/colagem-e-lambe-lambe\/","title":{"rendered":"Colagem e lambe-lambe"},"content":{"rendered":"<p class=\"qtranxs-available-languages-message qtranxs-available-languages-message-en\">Sorry, this entry is only available in <a href=\"https:\/\/frestas2021.sescsp.org.br\/pt\/wp-json\/wp\/v2\/eventos\/825\" class=\"qtranxs-available-language-link qtranxs-available-language-link-pt\" title=\"Portugu\u00eas do Brasil\">Portugu\u00eas do Brasil<\/a>.<\/p><p>Nas obras \u201cSobreposi\u00e7\u00e3o da hist\u00f3ria\u201d e &#8220;Atualiza\u00e7\u00f5es traum\u00e1ticas de Debret: Homens cultivam plantas e cogumelos em sua moradia\u201d, a artista <a href=\"https:\/\/frestas.sescsp.org.br\/artistas\/ge-viana\/\">G\u00ea Viana<\/a> se utiliza da colagem para recontextualizar obras de arte e fotografias hist\u00f3ricas. Nas obras da artista, ainda podemos identificar a presen\u00e7a do Lambe-lambe, t\u00e9cnica popular na arte urbana, e muito utilizada como forma de protesto. Nesse encontro, ser\u00e3o experimentados recortes e sobreposi\u00e7\u00f5es de obras de arte e fotografias, criando composi\u00e7\u00f5es e imagens para lambe-lambe.<\/p>\n<p><span data-contrast=\"none\">11\\12, s\u00e1bado, \u00e0s 16h<\/span><br \/>\n<span data-contrast=\"none\">Espa\u00e7o de Tecnologia e Artes<\/span><br \/>\n<span data-contrast=\"none\">Vagas limitadas | Gr\u00e1tis | <\/span><span data-contrast=\"none\">10<\/span><span data-contrast=\"none\">\u00a0anos<\/span><span data-ccp-props=\"{&quot;201341983&quot;:0,&quot;335559739&quot;:165,&quot;335559740&quot;:240}\">\u00a0<\/span><\/p>\n<p><span data-contrast=\"none\">Inscri\u00e7\u00f5es online a partir do dia 7\/12, \u00e0s 14h pelo site <a href=\"http:\/\/sescsp.org.br\/inscricoes\">sescsp.org.br\/inscricoes<\/a><\/span><span data-ccp-props=\"{&quot;201341983&quot;:0,&quot;335559739&quot;:165,&quot;335559740&quot;:240}\">\u00a0<\/span><\/p>","protected":false},"featured_media":0,"template":"","cat_eve":[16],"class_list":["post-825","eventos","type-eventos","status-publish","hentry","cat_eve-oficina"],"_links":{"self":[{"href":"https:\/\/frestas2021.sescsp.org.br\/en\/wp-json\/wp\/v2\/eventos\/825","targetHints":{"allow":["GET"]}}],"collection":[{"href":"https:\/\/frestas2021.sescsp.org.br\/en\/wp-json\/wp\/v2\/eventos"}],"about":[{"href":"https:\/\/frestas2021.sescsp.org.br\/en\/wp-json\/wp\/v2\/types\/eventos"}],"wp:attachment":[{"href":"https:\/\/frestas2021.sescsp.org.br\/en\/wp-json\/wp\/v2\/media?parent=825"}],"wp:term":[{"taxonomy":"cat_eve","embeddable":true,"href":"https:\/\/frestas2021.sescsp.org.br\/en\/wp-json\/wp\/v2\/cat_eve?post=825"}],"curies":[{"name":"wp","href":"https:\/\/api.w.org\/{rel}","templated":true}]}}

<p class="qtranxs-available-languages-message qtranxs-available-languages-message-en">Sorry, this entry is only available in <a href="https://frestas2021.sescsp.org.br/pt/wp-json/wp/v2/eventos/825" class="qtranxs-available-language-link qtranxs-available-language-link-pt" title="Português do Brasil">Português do Brasil</a>.</p><p>Nas obras “Sobreposição da história” e &#8220;Atualizações traumáticas de Debret: Homens cultivam plantas e cogumelos em sua moradia”, a artista <a href="https://frestas.sescsp.org.br/artistas/ge-viana/">Gê Viana</a> se utiliza da colagem para recontextualizar obras de arte e fotografias históricas. Nas obras da artista, ainda podemos identificar a presença do Lambe-lambe, técnica popular na arte urbana, e muito utilizada como forma de protesto. Nesse encontro, serão experimentados recortes e sobreposições de obras de arte e fotografias, criando composições e imagens para lambe-lambe.</p>
<p><span data-contrast="none">11\12, sábado, às 16h</span><br />
<span data-contrast="none">Espaço de Tecnologia e Artes</span><br />
<span data-contrast="none">Vagas limitadas | Grátis | </span><span data-contrast="none">10</span><span data-contrast="none"> anos</span><span data-ccp-props="{&quot;201341983&quot;:0,&quot;335559739&quot;:165,&quot;335559740&quot;:240}"> </span></p>
<p><span data-contrast="none">Inscrições online a partir do dia 7/12, às 14h pelo site <a href="http://sescsp.org.br/inscricoes">sescsp.org.br/inscricoes</a></span><span data-ccp-props="{&quot;201341983&quot;:0,&quot;335559739&quot;:165,&quot;335559740&quot;:240}"> </span></p>
