{"id":874,"date":"2022-01-14T16:51:28","date_gmt":"2022-01-14T19:51:28","guid":{"rendered":"https:\/\/frestas.sescsp.org.br\/?post_type=eventos&#038;p=874"},"modified":"2022-01-14T16:51:28","modified_gmt":"2022-01-14T19:51:28","slug":"milissegundos-nos-trapos-de-mundo","status":"publish","type":"eventos","link":"https:\/\/frestas2021.sescsp.org.br\/en\/eventos\/milissegundos-nos-trapos-de-mundo\/","title":{"rendered":"Milissegundos nos trapos de mundo\u00a0"},"content":{"rendered":"<p class=\"qtranxs-available-languages-message qtranxs-available-languages-message-en\">Sorry, this entry is only available in <a href=\"https:\/\/frestas2021.sescsp.org.br\/pt\/wp-json\/wp\/v2\/eventos\/874\" class=\"qtranxs-available-language-link qtranxs-available-language-link-pt\" title=\"Portugu\u00eas do Brasil\">Portugu\u00eas do Brasil<\/a>.<\/p><p><span data-contrast=\"none\">Com Ana Raylander, performer, bacharel em Artes Visuais pela Universidade Federal de Minas Gerais (Brasil) e Arte e Multim\u00eddia pela Escola Superior Gallaecia (Portugal)<\/span><span data-ccp-props=\"{&quot;134233117&quot;:true,&quot;134233118&quot;:true,&quot;201341983&quot;:0,&quot;335551550&quot;:6,&quot;335551620&quot;:6,&quot;335559739&quot;:160,&quot;335559740&quot;:240}\">\u00a0<\/span><\/p>\n<p><span data-contrast=\"none\">A obra &#8220;Milissegundos nos trapos de mundo&#8221; \u00e9 uma a\u00e7\u00e3o de longa dura\u00e7\u00e3o proposta por Ana Raylander M\u00e1rtis dos Anjos e contou com a colabora\u00e7\u00e3o das artistas Barbye Pereira, Cacau Apolino, Larissa Telles e Odara Soares. Registrado em v\u00eddeo, o trabalho consiste na a\u00e7\u00e3o de descoser \u2013 transformando em trapos \u2013 um vestido de &#8220;quinceanera&#8221; que viajou do M\u00e9xico para o Brasil, conectando a artista Lia Garcia (M\u00e9xico) \u00e0 Ana Raylander (Brasil).<\/span><span data-ccp-props=\"{&quot;134233117&quot;:true,&quot;134233118&quot;:true,&quot;201341983&quot;:0,&quot;335551550&quot;:6,&quot;335551620&quot;:6,&quot;335559739&quot;:160,&quot;335559740&quot;:240}\">\u00a0<\/span><\/p>\n<p><span data-contrast=\"none\">Dia 21\/1, sexta, das 8h \u00e0s 23h59<\/span><span data-ccp-props=\"{&quot;134233117&quot;:true,&quot;134233118&quot;:true,&quot;201341983&quot;:0,&quot;335551550&quot;:6,&quot;335551620&quot;:6,&quot;335559739&quot;:160,&quot;335559740&quot;:240}\">\u00a0<\/span><\/p>\n<p><span data-contrast=\"none\">Transmiss\u00e3o ao vivo pelo site de Frestas<\/span><\/p>","protected":false},"featured_media":0,"template":"","cat_eve":[],"class_list":["post-874","eventos","type-eventos","status-publish","hentry"],"_links":{"self":[{"href":"https:\/\/frestas2021.sescsp.org.br\/en\/wp-json\/wp\/v2\/eventos\/874","targetHints":{"allow":["GET"]}}],"collection":[{"href":"https:\/\/frestas2021.sescsp.org.br\/en\/wp-json\/wp\/v2\/eventos"}],"about":[{"href":"https:\/\/frestas2021.sescsp.org.br\/en\/wp-json\/wp\/v2\/types\/eventos"}],"wp:attachment":[{"href":"https:\/\/frestas2021.sescsp.org.br\/en\/wp-json\/wp\/v2\/media?parent=874"}],"wp:term":[{"taxonomy":"cat_eve","embeddable":true,"href":"https:\/\/frestas2021.sescsp.org.br\/en\/wp-json\/wp\/v2\/cat_eve?post=874"}],"curies":[{"name":"wp","href":"https:\/\/api.w.org\/{rel}","templated":true}]}}

<p class="qtranxs-available-languages-message qtranxs-available-languages-message-en">Sorry, this entry is only available in <a href="https://frestas2021.sescsp.org.br/pt/wp-json/wp/v2/eventos/874" class="qtranxs-available-language-link qtranxs-available-language-link-pt" title="Português do Brasil">Português do Brasil</a>.</p><p><span data-contrast="none">Com Ana Raylander, performer, bacharel em Artes Visuais pela Universidade Federal de Minas Gerais (Brasil) e Arte e Multimídia pela Escola Superior Gallaecia (Portugal)</span><span data-ccp-props="{&quot;134233117&quot;:true,&quot;134233118&quot;:true,&quot;201341983&quot;:0,&quot;335551550&quot;:6,&quot;335551620&quot;:6,&quot;335559739&quot;:160,&quot;335559740&quot;:240}"> </span></p>
<p><span data-contrast="none">A obra &#8220;Milissegundos nos trapos de mundo&#8221; é uma ação de longa duração proposta por Ana Raylander Mártis dos Anjos e contou com a colaboração das artistas Barbye Pereira, Cacau Apolino, Larissa Telles e Odara Soares. Registrado em vídeo, o trabalho consiste na ação de descoser – transformando em trapos – um vestido de &#8220;quinceanera&#8221; que viajou do México para o Brasil, conectando a artista Lia Garcia (México) à Ana Raylander (Brasil).</span><span data-ccp-props="{&quot;134233117&quot;:true,&quot;134233118&quot;:true,&quot;201341983&quot;:0,&quot;335551550&quot;:6,&quot;335551620&quot;:6,&quot;335559739&quot;:160,&quot;335559740&quot;:240}"> </span></p>
<p><span data-contrast="none">Dia 21/1, sexta, das 8h às 23h59</span><span data-ccp-props="{&quot;134233117&quot;:true,&quot;134233118&quot;:true,&quot;201341983&quot;:0,&quot;335551550&quot;:6,&quot;335551620&quot;:6,&quot;335559739&quot;:160,&quot;335559740&quot;:240}"> </span></p>
<p><span data-contrast="none">Transmissão ao vivo pelo site de Frestas</span></p>
